{"id":910,"date":"2024-06-07T12:35:16","date_gmt":"2024-06-07T10:35:16","guid":{"rendered":"https:\/\/chapellesaintmartindecornas.fr\/?page_id=910"},"modified":"2025-05-04T16:04:21","modified_gmt":"2025-05-04T14:04:21","slug":"festival-de-guitare","status":"publish","type":"page","link":"https:\/\/chapellesaintmartindecornas.fr\/index.php\/evenements-a-venir\/festival-de-guitare\/","title":{"rendered":"Festival de Guitare"},"content":{"rendered":"<div class=\"wp-block-image\">\n<figure class=\"alignright size-large is-resized\"><img loading=\"lazy\" decoding=\"async\" width=\"711\" height=\"1024\" src=\"https:\/\/chapellesaintmartindecornas.fr\/wp-content\/uploads\/2025\/05\/IMG_8487-711x1024.jpg\" alt=\"\" class=\"wp-image-972\" style=\"width:549px;height:auto\" srcset=\"https:\/\/chapellesaintmartindecornas.fr\/wp-content\/uploads\/2025\/05\/IMG_8487-711x1024.jpg 711w, https:\/\/chapellesaintmartindecornas.fr\/wp-content\/uploads\/2025\/05\/IMG_8487-208x300.jpg 208w, https:\/\/chapellesaintmartindecornas.fr\/wp-content\/uploads\/2025\/05\/IMG_8487-768x1107.jpg 768w, https:\/\/chapellesaintmartindecornas.fr\/wp-content\/uploads\/2025\/05\/IMG_8487-1066x1536.jpg 1066w, https:\/\/chapellesaintmartindecornas.fr\/wp-content\/uploads\/2025\/05\/IMG_8487-500x721.jpg 500w, https:\/\/chapellesaintmartindecornas.fr\/wp-content\/uploads\/2025\/05\/IMG_8487-800x1153.jpg 800w, https:\/\/chapellesaintmartindecornas.fr\/wp-content\/uploads\/2025\/05\/IMG_8487.jpg 1172w\" sizes=\"(max-width: 711px) 100vw, 711px\" \/><\/figure><\/div>\n\n<div class=\"wp-block-image\">\n<figure class=\"alignleft size-large is-resized\"><img loading=\"lazy\" decoding=\"async\" width=\"719\" height=\"1024\" src=\"https:\/\/chapellesaintmartindecornas.fr\/wp-content\/uploads\/2025\/05\/IMG_8486-719x1024.jpg\" alt=\"\" class=\"wp-image-971\" style=\"width:555px;height:auto\" srcset=\"https:\/\/chapellesaintmartindecornas.fr\/wp-content\/uploads\/2025\/05\/IMG_8486-719x1024.jpg 719w, https:\/\/chapellesaintmartindecornas.fr\/wp-content\/uploads\/2025\/05\/IMG_8486-211x300.jpg 211w, https:\/\/chapellesaintmartindecornas.fr\/wp-content\/uploads\/2025\/05\/IMG_8486-768x1094.jpg 768w, https:\/\/chapellesaintmartindecornas.fr\/wp-content\/uploads\/2025\/05\/IMG_8486-1078x1536.jpg 1078w, https:\/\/chapellesaintmartindecornas.fr\/wp-content\/uploads\/2025\/05\/IMG_8486-500x712.jpg 500w, https:\/\/chapellesaintmartindecornas.fr\/wp-content\/uploads\/2025\/05\/IMG_8486-800x1140.jpg 800w, https:\/\/chapellesaintmartindecornas.fr\/wp-content\/uploads\/2025\/05\/IMG_8486.jpg 1192w\" sizes=\"(max-width: 719px) 100vw, 719px\" \/><\/figure><\/div>\n\n\n<p><\/p>\n\n\n\n<p><\/p>\n\n\n\n<p><\/p>\n\n\n\n<p><\/p>\n\n\n\n<p><strong>\u00c9DITIONS PR\u00e9C\u00e9DENTES:<\/strong><\/p>\n\n\n\n<div class=\"wp-block-columns is-layout-flex wp-container-core-columns-layout-1 wp-block-columns-is-layout-flex\">\n<div class=\"wp-block-column is-layout-flow wp-block-column-is-layout-flow\"><div class=\"wp-block-image\">\n<figure class=\"alignleft size-full is-resized\"><img loading=\"lazy\" decoding=\"async\" width=\"724\" height=\"1024\" src=\"https:\/\/chapellesaintmartindecornas.fr\/wp-content\/uploads\/2024\/06\/1-2-724x1024-2.webp\" alt=\"\" class=\"wp-image-933\" style=\"width:545px;height:auto\" srcset=\"https:\/\/chapellesaintmartindecornas.fr\/wp-content\/uploads\/2024\/06\/1-2-724x1024-2.webp 724w, https:\/\/chapellesaintmartindecornas.fr\/wp-content\/uploads\/2024\/06\/1-2-724x1024-2-212x300.webp 212w\" sizes=\"(max-width: 724px) 100vw, 724px\" \/><\/figure><\/div><\/div>\n\n\n\n<div class=\"wp-block-column is-layout-flow wp-block-column-is-layout-flow\"><div class=\"wp-block-image\">\n<figure class=\"alignright size-full is-resized\"><img loading=\"lazy\" decoding=\"async\" width=\"724\" height=\"1024\" src=\"https:\/\/chapellesaintmartindecornas.fr\/wp-content\/uploads\/2024\/06\/unnamed-file-1-724x1024-2.webp\" alt=\"\" class=\"wp-image-934\" style=\"width:587px;height:auto\" srcset=\"https:\/\/chapellesaintmartindecornas.fr\/wp-content\/uploads\/2024\/06\/unnamed-file-1-724x1024-2.webp 724w, https:\/\/chapellesaintmartindecornas.fr\/wp-content\/uploads\/2024\/06\/unnamed-file-1-724x1024-2-212x300.webp 212w\" sizes=\"(max-width: 724px) 100vw, 724px\" \/><\/figure><\/div><\/div>\n<\/div>\n","protected":false},"excerpt":{"rendered":"<p>\u00c9DITIONS PR\u00e9C\u00e9DENTES:<\/p>\n","protected":false},"author":4,"featured_media":0,"parent":713,"menu_order":0,"comment_status":"closed","ping_status":"closed","template":"","meta":{"neve_meta_sidebar":"","neve_meta_container":"","neve_meta_enable_content_width":"","neve_meta_content_width":0,"neve_meta_title_alignment":"","neve_meta_author_avatar":"","neve_post_elements_order":"","neve_meta_disable_header":"","neve_meta_disable_footer":"","neve_meta_disable_title":"","footnotes":""},"_links":{"self":[{"href":"https:\/\/chapellesaintmartindecornas.fr\/index.php\/wp-json\/wp\/v2\/pages\/910"}],"collection":[{"href":"https:\/\/chapellesaintmartindecornas.fr\/index.php\/wp-json\/wp\/v2\/pages"}],"about":[{"href":"https:\/\/chapellesaintmartindecornas.fr\/index.php\/wp-json\/wp\/v2\/types\/page"}],"author":[{"embeddable":true,"href":"https:\/\/chapellesaintmartindecornas.fr\/index.php\/wp-json\/wp\/v2\/users\/4"}],"replies":[{"embeddable":true,"href":"https:\/\/chapellesaintmartindecornas.fr\/index.php\/wp-json\/wp\/v2\/comments?post=910"}],"version-history":[{"count":9,"href":"https:\/\/chapellesaintmartindecornas.fr\/index.php\/wp-json\/wp\/v2\/pages\/910\/revisions"}],"predecessor-version":[{"id":979,"href":"https:\/\/chapellesaintmartindecornas.fr\/index.php\/wp-json\/wp\/v2\/pages\/910\/revisions\/979"}],"up":[{"embeddable":true,"href":"https:\/\/chapellesaintmartindecornas.fr\/index.php\/wp-json\/wp\/v2\/pages\/713"}],"wp:attachment":[{"href":"https:\/\/chapellesaintmartindecornas.fr\/index.php\/wp-json\/wp\/v2\/media?parent=910"}],"curies":[{"name":"wp","href":"https:\/\/api.w.org\/{rel}","templated":true}]}}